a multiple of 9?
True
Is 11977 a multiple of 177?
False
Is 327 a multiple of 8?
False
Is 72 a factor of 12816?
True
Is 10 a factor of 10040?
True
Does 10 divide 1488?
False
Is 293 a factor of 115149?
True
Does 12 divide 612?
True
Is 582 a multiple of 15?
False
Is 39 a factor of 20397?
True
Is 23 a factor of 1104?
True
Does 25 divide 4350?
True
Is 572 a multiple of 26?
True
Is 34504 a multiple of 145?
False
Is 6 a factor of 2605?
False
Is 43774 a multiple of 375?
False
Is 5 a factor of 1180?
True
Does 67 divide 17653?
False
Is 90903 a multiple of 193?
True
Does 13 divide 130?
True
Is 35 a factor of 326?
False
Is 78 a factor of 1716?
True
Does 11 divide 92?
False
Is 18 a factor of 9918?
True
Is 45647 a multiple of 7?
True
Does 2 divide 46?
True
Does 141 divide 46316?
False
Is 67 a multiple of 4?
False
Does 15 divide 33870?
True
Does 16 divide 44832?
True
Is 402 a multiple of 4?
False
Is 2706 a multiple of 18?
False
Does 13 divide 5796?
False
Is 34 a factor of 952?
True
Is 965 a multiple of 65?
False
Is 9 a factor of 1528?
False
Is 68 a factor of 438?
False
Is 1026 a multiple of 18?
True
Is 1666 a multiple of 20?
False
Is 11 a factor of 1694?
True
Does 143 divide 10487?
False
Is 69 a factor of 844?
False
Is 370 a factor of 53280?
True
Is 17 a factor of 2537?
False
Is 830 a multiple of 10?
True
Is 53 a factor of 7526?
True
Does 15 divide 456?
False
Is 29 a factor of 4091?
False
Does 17 divide 7238?
False
Is 483 a multiple of 69?
True
Does 156 divide 20280?
True
Does 6 divide 256?
False
Does 20 divide 4100?
True
Is 35 a multiple of 5?
True
Is 8916 a multiple of 12?
True
Is 12 a factor of 1330?
False
Is 10 a factor of 761?
False
Is 12 a factor of 2992?
False
Does 49 divide 2278?
False
Is 12 a factor of 5423?
False
Does 13 divide 17754?
False
Is 2 a factor of 35?
False
Is 48 a factor of 31720?
False
Is 23 a factor of 4628?
False
Is 38679 a multiple of 3?
True
Is 5 a multiple of 2?
False
Does 14 divide 5376?
True
Is 31284 a multiple of 66?
True
Is 7716 a multiple of 12?
True
Is 19 a factor of 760?
True
Is 4 a factor of 10489?
False
Is 81 a factor of 12879?
True
Is 423 a multiple of 47?
True
Is 1450 a multiple of 67?
False
Does 17 divide 1962?
False
Does 141 divide 439?
False
Is 11 a factor of 957?
True
Does 86 divide 601?
False
Is 206 a multiple of 3?
False
Does 73 divide 7283?
False
Is 57280 a multiple of 64?
True
Is 6454 a multiple of 14?
True
Is 320 a factor of 21760?
True
Does 13 divide 983?
False
Does 11 divide 4089?
False
Does 16 divide 4320?
True
Is 3 a factor of 66?
True
Does 33 divide 6568?
False
Does 9 divide 8118?
True
Is 110 a factor of 84480?
True
Is 2389 a multiple of 13?
False
Does 26 divide 7960?
False
Does 19 divide 1959?
False
Is 22 a factor of 770?
True
Is 54 a factor of 63445?
False
Does 8 divide 304?
True
Does 134 divide 5658?
False
Is 14 a factor of 11771?
False
Is 13943 a multiple of 73?
True
Is 2 a factor of 27?
False
Is 1690 a multiple of 10?
True
Is 26344 a multiple of 89?
True
Is 4046 a multiple of 34?
True
Is 2323 a multiple of 12?
False
Does 14 divide 5964?
True
Is 950 a multiple of 5?
True
Is 39 a factor of 156?
True
Is 24325 a multiple of 25?
True
Is 21 a factor of 2331?
True
Is 1269 a multiple of 27?
True
Is 20 a factor of 664?
False
Is 13 a factor of 2275?
True
Does 116 divide 9060?
False
Does 30 divide 356?
False
Is 1271 a multiple of 33?
False
Is 88 a factor of 5544?
True
Does 17 divide 759?
False
Does 12 divide 42528?
True
Does 306 divide 10098?
True
Is 18215 a multiple of 5?
True
Is 18 a factor of 9594?
True
Is 575 a multiple of 25?
True
Is 686 a multiple of 49?
True
Is 1444 a multiple of 76?
True
Is 81 even?
False
Is 8 a factor of 1501?
False
Is 67 a factor of 1206?
True
Does 12 divide 150?
False
Does 24 divide 5304?
True
Is 224 a multiple of 56?
True
Is 9 a factor of 1044?
True
Is 47 a factor of 3666?
True
Is 28 a factor of 17166?
False
Is 278 a multiple of 10?
False
Does 11 divide 18600?
False
Is 8 a factor of 397?
False
Is 9530 a multiple of 27?
False
Is 40 a factor of 34518?
False
Does 11 divide 2599?
False
Does 4 divide 17412?
True
Does 45 divide 1068?
False
Is 32190 a multiple of 15?
True
Is 24 a factor of 823?
False
Does 8 divide 25?
False
Is 495 a multiple of 5?
True
Does 87 divide 10875?
True
Is 22750 a multiple of 130?
True
Does 97 divide 14677?
False
Is 51527 a multiple of 119?
True
Is 13 a factor of 14761?
False
Does 10 divide 940?
True
Is 1065 a multiple of 5?
True
Is 252 a multiple of 5?
False
Does 15 divide 795?
True
Is 7 a factor of 9051?
True
Is 49902 a multiple of 172?
False
Is 13711 a multiple of 12?
False
Is 421 a multiple of 3?
False
Is 18 a factor of 9551?
False
Is 3295 a multiple of 16?
False
Is 20 a factor of 30044?
False
Does 6 divide 522?
True
Is 42 a factor of 168?
True
Does 120 divide 11160?
True
Is 14109 a multiple of 10?
False
Does 62 divide 5146?
True
Is 15 a factor of 6939?
False
Is 2325 a multiple of 31?
True
Does 34 divide 2210?
True
Is 600 a multiple of 40?
True
Is 57 a factor of 3907?
False
Does 55 divide 1197?
False
Is 52 a factor of 9441?
False
Is 28 a factor of 1288?
True
Is 11 a factor of 1145?
False
Does 9 divide 3009?
False
Does 13 divide 4017?
True
Is 82 a factor of 11562?
True
Does 2 divide 85?
False
Does 14 divide 7032?
False
Is 10284 a multiple of 51?
False
Is 4842 a multiple of 132?
False
Is 5795 a multiple of 19?
True
Is 184 a factor of 24106?
False
Does 37 divide 259?
True
Is 9 a factor of 6003?
True
Is 4 a factor of 1213?
False
Does 5 divide 236?
False
Is 4 a factor of 6452?
True
Is 3 a factor of 10931?
False
Is 2174 a multiple of 71?
False
Is 924 a multiple of 21?
True
Is 16801 a multiple of 64?
False
Is 22 a factor of 1365?
False
Is 148 a factor of 14356?
True
Is 413 a multiple of 20?
False
Is 104610 a multiple of 22?
True
Is 706 a multiple of 26?
False
Is 10 a factor of 611?
False
Does 68 divide 5835?
False
Does 15 divide 8265?
True
Does 69 divide 653?
False
Is 33 a factor of 4389?
True
Does 10 divide 520?
True
Does 203 divide 30540?
False
Is 32 a factor of 480?
True
Is 36 a factor of 2052?
True
Does 40 divide 104960?
True
Is 5772 a multiple of 5?
False
Is 54 a factor of 11880?
True
Is 120 a multiple of 11?
False
Is 5 a factor of 9249?
False
Is 39314 a multiple of 23?
False
Is 32 a factor of 12320?
True
Does 13 divide 1729?
True
Does 12 divide 103?
False
Does 47 divide 7285?
True
Does 18 divide 42213?
False
Is 13 a factor of 15545?
False
Is 26036 a multiple of 46?
True
Is 12 a factor of 108?
True
Does 79 divide 2054?
True
Does 3 divide 1344?
True
Is 974 a multiple of 437?
False
Is 6614 a multiple of 57?
False
Is 609 a multiple of 7?
True
Does 34 divide 618?
False
Is 5255 a multiple of 21?
False
Does 9 divide 483?
False
Is 6138 a multiple of 3?
True
Is 11797 a multiple of 27?
False
Is 15 a factor of 1182?
False
Is 25413 a multiple of 7?
False
Is 9614 a multiple of 170?
False
Is 80 a factor of 8122?
False
Is 92 a factor of 552?
True
Is 3030 a multiple of 15?
True
Is 10206 a multiple of 18?
True
Is 13 a factor of 71854?
False
Does 40 divide 985?
False
Does 7 divide 343?
True
Is 52 a factor of 13218?
False
Is 4556 a multiple of 134?
True
Does 9 divide 1076?
False
Is 2931 a multiple of 80?
False
Is 11 a factor of 3773?
True
Is 7438 a multiple of 29?
False
Is 14740 a multiple of 55?
True
Is 1118 a multiple of 12?
False
Is 17 a factor of 9758?
True
Is 110 a multiple of 10?
True
Is 64792 a multiple of 26?
True
Is 468 a multiple of 36?
True
Is 11 a factor of 1932?
False
Is 261 a factor of 37443?
False
Is 35 a factor of 112945?
True
Does 217 divide 61870?
False
Is 13968 a multiple of 24?
True
Is 29 a factor of 1073?
True
Is 1685 a multiple of 83?
False
Is 4 a factor of 52?
True
Does 14 divide 1106?
True
Is 101 a factor of 7187?
False
Is 5 a factor of 245?
True
Is 593 a multiple of 7?
False
Is 25 a factor of 625?
True
Is 53100 a multiple of 70?
False
Is 2214 a multiple of 11?
False
Is 22 a factor of 20712?
False
Is 6528 a multiple of 6?
True
Is 30 a factor of 9233?
False
Is 3 a factor of 4631?
False
Is 441 a multiple of 49?
True
Is 17819 a multiple of 173?
True
Is 59358 a multiple of 330?
False
Does 15 divide 41715?
True
Does 4 divide 1028?
True
Is 207 a factor of 22371?
False
Does 42 divide 2142?
True
Is 61 a factor of 10206?
False
Does 29 divide 464?
True
Does 11 di